{"id":150,"date":"2018-03-27T10:24:10","date_gmt":"2018-03-27T10:24:10","guid":{"rendered":"http:\/\/104.131.177.38\/demo\/creptaam\/ico-landing-creative\/?page_id=4"},"modified":"2020-06-10T10:13:43","modified_gmt":"2020-06-10T10:13:43","slug":"home","status":"publish","type":"page","link":"https:\/\/www.argedenkatmadegere.com\/","title":{"rendered":"Ana Sayfa"},"content":{"rendered":"<p>[vc_row apply_particle=&#8221;true&#8221; css=&#8221;.vc_custom_1522916197436{padding-top: 230px !important;padding-bottom: 100px !important;background-position: center !important;background-repeat: no-repeat !important;background-size: cover !important;}&#8221; particle_color=&#8221;#ffffff&#8221;][vc_column][vc_row_inner][vc_column_inner width=&#8221;1\/2&#8243;][tt_section_title title_color_option=&#8221;custom-color&#8221; description_color_option=&#8221;custom-color&#8221; title=&#8221;Patente ve Teknolojiye Yat\u0131r\u0131m \u0130\u00e7in Do\u011fru Adres!&#8221; title_font_size=&#8221;55px&#8221; title_line_height=&#8221;65px&#8221; title_color=&#8221;#ffffff&#8221; description_color=&#8221;#ffffff&#8221;]Uzun s\u00fcredir Sistem Global taraf\u0131ndan tasarlanan\u00a0<b>\u201cAr-Ge\u2019den Katma De\u011fere<\/b>\u201d platformu ve <b>\u201cHarita\u201d<\/b> yaz\u0131l\u0131m\u0131, Ar-Ge ve patent tabanl\u0131 teknoloji transferi i\u00e7in bir zemin te\u015fkil edecek ve bu yolda verimli e\u015fle\u015ftirmelerin do\u011fmas\u0131na yol a\u00e7acakt\u0131r. Sonu\u00e7lar\u0131n\u0131n proje, ticarile\u015fme, yat\u0131r\u0131m ve globalle\u015fme gibi \u00e7\u0131kt\u0131lar\u0131 do\u011furacak platform Harita yaz\u0131l\u0131m\u0131ndaki sorulara verilecek yan\u0131tlar ve y\u00fcr\u00fct\u00fclecek sistematik arama \u00e7al\u0131\u015fmalar\u0131 ile \u015fekillenecektir.[\/tt_section_title][vc_btn title=&#8221;Detayl\u0131 Bilgi Al&#8221; style=&#8221;custom&#8221; custom_background=&#8221;#03a2f4&#8243; custom_text=&#8221;#ffffff&#8221; shape=&#8221;round&#8221; link=&#8221;url:mailto%3Ainfo%40sistemglobal.com.tr|title:info%40sistemglobal.com.tr||&#8221; css=&#8221;.vc_custom_1591783303565{margin-right: 10px !important;}&#8221;][vc_btn title=&#8221;Sistem Global Hakk\u0131nda&#8221; style=&#8221;custom&#8221; custom_background=&#8221;#03a2f4&#8243; custom_text=&#8221;#ffffff&#8221; shape=&#8221;round&#8221; link=&#8221;url:https%3A%2F%2Fwww.sistemglobal.com.tr%2Fgenel-bakis|title:Sistem%20Global|target:%20_blank|&#8221;][\/vc_column_inner][vc_column_inner width=&#8221;1\/2&#8243;][vc_single_image image=&#8221;97&#8243; img_size=&#8221;1000X1000&#8243;][\/vc_column_inner][\/vc_row_inner][\/vc_column][\/vc_row][vc_row css=&#8221;.vc_custom_1522221571400{padding-bottom: 100px !important;}&#8221; el_id=&#8221;promotions&#8221;][vc_column][tt_section_title title_intro_color_option=&#8221;custom-color&#8221; title_alignment=&#8221;text-center&#8221; title_color_option=&#8221;custom-color&#8221; title_intro=&#8221;Se\u00e7eneklerden&#8221; title=&#8221;Uygun Formu Doldurun&#8221; title_intro_color=&#8221;#ffffff&#8221; title_color=&#8221;#ffffff&#8221;][\/tt_section_title][\/vc_column][vc_column][tt_icon_blocks grid_column=&#8221;3&#8243; box_space=&#8221;no-gutters&#8221; block_height=&#8221;2000&#8243;][tt_icon_block icon_type=&#8221;image&#8221; icon_position=&#8221;icon-position-center&#8221; custom_link=&#8221;yes&#8221; btn_style=&#8221;btn-white&#8221; title_color_option=&#8221;custom-color&#8221; box_bg_color_options=&#8221;custom-color&#8221; show_icon=&#8221;icon&#8221; icon_image=&#8221;40&#8243; title=&#8221;Patent-M\u00fc\u015fteri E\u015fle\u015ftirme&#8221; title_color=&#8221;#ffffff&#8221; box_bg_color=&#8221;#069aff&#8221; link=&#8221;url:https%3A%2F%2Fsiba.sistemglobal.com.tr%2Fmusteri-kurulus-patent-eslestirme|title:Hemen%20Ba%C5%9Fvur|target:%20_blank|&#8221; btn_text=&#8221;M\u00fc\u015fteri Formu&#8221;]<span style=\"color: #ffffff;\">Patente yat\u0131r\u0131m yapmak isteyen ve patent tabanl\u0131 ticarile\u015fme modellerini benimseyen ticari firmalar\u0131n patent sahibi TTO, TGB \u015eirketleri ve \u00dcniversiteleri arad\u0131\u011f\u0131 ve bunlarla e\u015fle\u015fti\u011fi mod\u00fcld\u00fcr.<\/span>[\/tt_icon_block][tt_icon_block icon_type=&#8221;image&#8221; icon_position=&#8221;icon-position-center&#8221; custom_link=&#8221;yes&#8221; btn_style=&#8221;btn-white&#8221; title_color_option=&#8221;custom-color&#8221; box_bg_color_options=&#8221;custom-color&#8221; show_icon=&#8221;icon&#8221; icon_image=&#8221;41&#8243; title=&#8221;Patent-M\u00fc\u015fteri E\u015fle\u015ftirme\/Mod\u00fcl 2&#8243; title_color=&#8221;#ffffff&#8221; box_bg_color=&#8221;#05e2a1&#8243; link=&#8221;url:https%3A%2F%2Fsiba.sistemglobal.com.tr%2Fpatent-musteri-kurulus-eslestirme-anketi||target:%20_blank|&#8221; btn_text=&#8221;Patent Sahibi Formu&#8221;]<span style=\"color: #ffffff;\">Patent \u00fcreten ve sahibi olan TTO, TGB \u015eirketleri ve \u00dcniversitelerin, patentlerini ticarile\u015ftirebilece\u011fi ticari ortaklar arad\u0131\u011f\u0131 mod\u00fcld\u00fcr.<\/span><br \/>\n<span style=\"color: #05e2a1;\">\u00a0<\/span><br \/>\n<span style=\"color: #05e2a1;\">\u00a0<\/span><br \/>\n<span style=\"color: #05e2a1;\">\u00a0<\/span>[\/tt_icon_block][tt_icon_block icon_type=&#8221;image&#8221; icon_position=&#8221;icon-position-center&#8221; custom_link=&#8221;yes&#8221; btn_style=&#8221;btn-white&#8221; title_color_option=&#8221;custom-color&#8221; box_bg_color_options=&#8221;theme-color&#8221; show_icon=&#8221;icon&#8221; icon_image=&#8221;42&#8243; title=&#8221;Tedarik\u00e7i-M\u00fc\u015fteri E\u015fle\u015ftirme\/Mod\u00fcl 3&#8243; title_color=&#8221;#ffffff&#8221; link=&#8221;url:https%3A%2F%2Fsiba.sistemglobal.com.tr%2Fmusteri-tedarikci-eslestirme-modul-1-musteri||target:%20_blank|&#8221; btn_text=&#8221;M\u00fc\u015fteri Formu&#8221;]<span style=\"color: #ffffff;\">Teknoloji transferi ile ticari modeller kurmak isteyen, Ar-Ge \u00e7\u0131kt\u0131lar\u0131na yat\u0131r\u0131m yapan KOB\u0130 veya B\u00fcy\u00fck Kurulu\u015flar\u0131n e\u015fle\u015febilece\u011fi teknolojiler arad\u0131\u011f\u0131 mod\u00fcld\u00fcr.<\/span><br \/>\n<span style=\"color: #ffc100;\">\u00a0<\/span><br \/>\n<span style=\"color: #ffc100;\">\u00a0<\/span><br \/>\n[\/tt_icon_block][tt_icon_block icon_type=&#8221;image&#8221; icon_position=&#8221;icon-position-center&#8221; custom_link=&#8221;yes&#8221; btn_style=&#8221;btn-white&#8221; title_color_option=&#8221;custom-color&#8221; box_bg_color_options=&#8221;custom-color&#8221; show_icon=&#8221;icon&#8221; icon_image=&#8221;42&#8243; title=&#8221;Tedarik\u00e7i-M\u00fc\u015fterici E\u015fle\u015ftirme\/Mod\u00fcl 4&#8243; title_color=&#8221;#ffffff&#8221; link=&#8221;url:https%3A%2F%2Fsiba.sistemglobal.com.tr%2Fmusteri-tedarikci-eslestirme-modul-2-tedarikci||target:%20_blank|&#8221; btn_text=&#8221;Tedarik\u00e7i Formu&#8221; box_bg_color=&#8221;#bfbfbf&#8221;]<span style=\"color: #ffffff;\">Ar-Ge yapan ve teknoloji geli\u015ftiren KOB\u0130\u2019lerin \u00e7\u0131kt\u0131lar\u0131n\u0131 ticarile\u015ftirebilece\u011fi ortaklar arad\u0131\u011f\u0131 mod\u00fcld\u00fcr.<\/span><br \/>\n<span style=\"color: #bfbfbf;\">\u00a0 <\/span><br \/>\n<span style=\"color: #bfbfbf;\">\u00a0 <\/span><br \/>\n<span style=\"color: #bfbfbf;\">\u00a0 <\/span><br \/>\n<span style=\"color: #bfbfbf;\">\u00a0 <\/span><br \/>\n[\/tt_icon_block][\/tt_icon_blocks][\/vc_column][\/vc_row][vc_row css=&#8221;.vc_custom_1522573544352{padding-top: 50px !important;padding-bottom: 60px !important;}&#8221; el_id=&#8221;services&#8221;][vc_column][tt_section_title title_alignment=&#8221;text-center&#8221; title_color_option=&#8221;custom-color&#8221; description_color_option=&#8221;custom-color&#8221; title=&#8221;Bu Platform Nedir?&#8221; title_color=&#8221;#ffffff&#8221; description_color=&#8221;#ffffff&#8221;]<\/p>\n<p style=\"text-align: center;\">Bu platform, T\u00dcB\u0130TAK TEYDEB\u2019in son 2 \u00e7a\u011fr\u0131s\u0131 olan Sipari\u015fe Dayal\u0131 KOB\u0130 Destekleme ve Patent Tabanl\u0131 Ticarile\u015fme \u00e7a\u011fr\u0131lar\u0131 ile de paralel olarak a\u015fa\u011f\u0131daki sistematikle ve takvimle \u00e7al\u0131\u015facakt\u0131r.<\/p>\n<p>[\/tt_section_title][\/vc_column][\/vc_row][vc_row][vc_column width=&#8221;2\/3&#8243; offset=&#8221;vc_col-lg-offset-2 vc_col-md-offset-2&#8243;][vc_tta_accordion color=&#8221;theme_dark_blue&#8221; gap=&#8221;10&#8243; c_icon=&#8221;chevron&#8221; c_position=&#8221;right&#8221; active_section=&#8221;1&#8243; collapsible_all=&#8221;true&#8221;][vc_tta_section title=&#8221;Sistem tam olarak nezaman \u00e7al\u0131\u015fmaya ba\u015flayacak?&#8221; tab_id=&#8221;1522213855272-751597ea-2084&#8243;][vc_column_text]Program kapsam\u0131nda e\u015fle\u015ftirmelerin yap\u0131labilmesi i\u00e7in geli\u015ftirilen\u00a0<b>\u201cHarita\u201d<\/b>\u00a0isimli online portal \u00fczerinden firmalar\u0131n verileri ve proje fikirleri 08 Haziran 2020-10 Temmuz 2020 tarihleri aras\u0131nda al\u0131nmaya ba\u015flayacakt\u0131r.[\/vc_column_text][\/vc_tta_section][vc_tta_section title=&#8221;Detaylar payla\u015f\u0131lacak m\u0131?&#8221; tab_id=&#8221;1522213946224-316dac39-83dc&#8221;][vc_column_text]8 Haziran\/9 Haziran\/15 Haziran 2020 tarihlerinde konu ile ilgili detayl\u0131 WEBINAR programlar\u0131 yap\u0131lacakt\u0131r.[\/vc_column_text][\/vc_tta_section][vc_tta_section title=&#8221;Projeler ne zaman g\u00f6r\u00fclebilecek?&#8221; tab_id=&#8221;1522213945496-6fae3f9f-56b1&#8243;][vc_column_text]17 Temmuz 2020 tarihinde Sistem Global <b>\u201cAr-Ge\u2019den Katma De\u011fere\u201d<\/b> e\u015fle\u015ftirme platformuna dahil edilecek projeler ve patentler ilan edilecektir.[\/vc_column_text][\/vc_tta_section][vc_tta_section title=&#8221;Sekt\u00f6r bazl\u0131 \u00e7al\u0131\u015fmalar olacak m\u0131?&#8221; tab_id=&#8221;1522213944368-218a42bf-8593&#8243;][vc_column_text]20 Temmuz 2020 \u2013 07 A\u011fustos 2020 tarihleri aras\u0131nda sekt\u00f6rel bazda organize edilecek\u00a0<b>\u201c\u0130stasyon\u201d<\/b>\u00a0isimli \u00e7al\u0131\u015ftaylar ile detayl\u0131 bir arama \u00e7al\u0131\u015fmas\u0131 yap\u0131lacakt\u0131r.[\/vc_column_text][\/vc_tta_section][vc_tta_section title=&#8221;E\u015fle\u015fmeler ne zaman tamamlanacak?&#8221; tab_id=&#8221;1522213942100-a40c9b33-38b3&#8243;][vc_column_text]12 A\u011fustos 2020 itibariyle platformun nihai sonu\u00e7lar\u0131 a\u00e7\u0131klanacak ve \u00fcretilen e\u015fle\u015ftirmeler i\u00e7in T\u00dcB\u0130TAK TEYDEB \u00e7a\u011fr\u0131lar\u0131na \u00f6n ba\u015fvurular yap\u0131lacakt\u0131r.[\/vc_column_text][\/vc_tta_section][vc_tta_section title=&#8221;Dan\u0131\u015fmanl\u0131k deste\u011fi verilecek mi?&#8221; tab_id=&#8221;1591485339496-459802d1-cfc4&#8243;][vc_column_text]\u00d6n ba\u015fvurusu yap\u0131lan ba\u015fvurulara ait proje haz\u0131rl\u0131klar\u0131 i\u00e7in firmalara 31 A\u011fustos 2020 tarihine kadar dan\u0131\u015fmanl\u0131k deste\u011fi verilecektir. Dolay\u0131s\u0131yla platform\u00a0<b>\u201cSon Durak\u201d<\/b>\u00a0a eri\u015fmi\u015f olacakt\u0131r[\/vc_column_text][\/vc_tta_section][\/vc_tta_accordion][\/vc_column][\/vc_row]<\/p>\n","protected":false},"excerpt":{"rendered":"<p>[vc_row apply_particle=&#8221;true&#8221; css=&#8221;.vc_custom_1522916197436{padding-top: 230px !important;padding-bottom: 100px !important;background-position: center !important;background-repeat: no-repeat !important;background-size: cover !important;}&#8221; particle_color=&#8221;#ffffff&#8221;][vc_column][vc_row_inner][vc_column_inner width=&#8221;1\/2&#8243;][tt_section_title [&hellip;]<\/p>\n","protected":false},"author":1,"featured_media":0,"parent":0,"menu_order":0,"comment_status":"closed","ping_status":"closed","template":"page-templates\/template-vc.php","meta":{"footnotes":""},"class_list":["post-150","page","type-page","status-publish","hentry"],"yoast_head":"<!-- This site is optimized with the Yoast SEO plugin v25.4 - https:\/\/yoast.com\/wordpress\/plugins\/seo\/ -->\n<title>Ana Sayfa - Argeden Katma De\u011fere<\/title>\n<meta name=\"robots\" content=\"index, follow, max-snippet:-1, max-image-preview:large, max-video-preview:-1\" \/>\n<link rel=\"canonical\" href=\"https:\/\/www.argedenkatmadegere.com\/\" \/>\n<meta property=\"og:locale\" content=\"tr_TR\" \/>\n<meta property=\"og:type\" content=\"article\" \/>\n<meta property=\"og:title\" content=\"Ana Sayfa - Argeden Katma De\u011fere\" \/>\n<meta property=\"og:description\" content=\"[vc_row apply_particle=&#8221;true&#8221; css=&#8221;.vc_custom_1522916197436{padding-top: 230px !important;padding-bottom: 100px !important;background-position: center !important;background-repeat: no-repeat !important;background-size: cover !important;}&#8221; particle_color=&#8221;#ffffff&#8221;][vc_column][vc_row_inner][vc_column_inner width=&#8221;1\/2&#8243;][tt_section_title [&hellip;]\" \/>\n<meta property=\"og:url\" content=\"https:\/\/www.argedenkatmadegere.com\/\" \/>\n<meta property=\"og:site_name\" content=\"Argeden Katma De\u011fere\" \/>\n<meta property=\"article:modified_time\" content=\"2020-06-10T10:13:43+00:00\" \/>\n<meta name=\"twitter:card\" content=\"summary_large_image\" \/>\n<meta name=\"twitter:label1\" content=\"Tahmini okuma s\u00fcresi\" \/>\n\t<meta name=\"twitter:data1\" content=\"6 dakika\" \/>\n<script type=\"application\/ld+json\" class=\"yoast-schema-graph\">{\"@context\":\"https:\/\/schema.org\",\"@graph\":[{\"@type\":\"WebPage\",\"@id\":\"https:\/\/www.argedenkatmadegere.com\/\",\"url\":\"https:\/\/www.argedenkatmadegere.com\/\",\"name\":\"Ana Sayfa - Argeden Katma De\u011fere\",\"isPartOf\":{\"@id\":\"https:\/\/www.argedenkatmadegere.com\/#website\"},\"datePublished\":\"2018-03-27T10:24:10+00:00\",\"dateModified\":\"2020-06-10T10:13:43+00:00\",\"breadcrumb\":{\"@id\":\"https:\/\/www.argedenkatmadegere.com\/#breadcrumb\"},\"inLanguage\":\"tr\",\"potentialAction\":[{\"@type\":\"ReadAction\",\"target\":[\"https:\/\/www.argedenkatmadegere.com\/\"]}]},{\"@type\":\"BreadcrumbList\",\"@id\":\"https:\/\/www.argedenkatmadegere.com\/#breadcrumb\",\"itemListElement\":[{\"@type\":\"ListItem\",\"position\":1,\"name\":\"Home\",\"item\":\"https:\/\/www.argedenkatmadegere.com\/\"},{\"@type\":\"ListItem\",\"position\":2,\"name\":\"Ana Sayfa\"}]},{\"@type\":\"WebSite\",\"@id\":\"https:\/\/www.argedenkatmadegere.com\/#website\",\"url\":\"https:\/\/www.argedenkatmadegere.com\/\",\"name\":\"Argeden Katma De\u011fere\",\"description\":\"Patente Ve Teknolojiye Yat\u0131r\u0131m \u0130\u00e7in Do\u011fru Adres!\",\"potentialAction\":[{\"@type\":\"SearchAction\",\"target\":{\"@type\":\"EntryPoint\",\"urlTemplate\":\"https:\/\/www.argedenkatmadegere.com\/?s={search_term_string}\"},\"query-input\":{\"@type\":\"PropertyValueSpecification\",\"valueRequired\":true,\"valueName\":\"search_term_string\"}}],\"inLanguage\":\"tr\"}]}<\/script>\n<!-- \/ Yoast SEO plugin. -->","yoast_head_json":{"title":"Ana Sayfa - Argeden Katma De\u011fere","robots":{"index":"index","follow":"follow","max-snippet":"max-snippet:-1","max-image-preview":"max-image-preview:large","max-video-preview":"max-video-preview:-1"},"canonical":"https:\/\/www.argedenkatmadegere.com\/","og_locale":"tr_TR","og_type":"article","og_title":"Ana Sayfa - Argeden Katma De\u011fere","og_description":"[vc_row apply_particle=&#8221;true&#8221; css=&#8221;.vc_custom_1522916197436{padding-top: 230px !important;padding-bottom: 100px !important;background-position: center !important;background-repeat: no-repeat !important;background-size: cover !important;}&#8221; particle_color=&#8221;#ffffff&#8221;][vc_column][vc_row_inner][vc_column_inner width=&#8221;1\/2&#8243;][tt_section_title [&hellip;]","og_url":"https:\/\/www.argedenkatmadegere.com\/","og_site_name":"Argeden Katma De\u011fere","article_modified_time":"2020-06-10T10:13:43+00:00","twitter_card":"summary_large_image","twitter_misc":{"Tahmini okuma s\u00fcresi":"6 dakika"},"schema":{"@context":"https:\/\/schema.org","@graph":[{"@type":"WebPage","@id":"https:\/\/www.argedenkatmadegere.com\/","url":"https:\/\/www.argedenkatmadegere.com\/","name":"Ana Sayfa - Argeden Katma De\u011fere","isPartOf":{"@id":"https:\/\/www.argedenkatmadegere.com\/#website"},"datePublished":"2018-03-27T10:24:10+00:00","dateModified":"2020-06-10T10:13:43+00:00","breadcrumb":{"@id":"https:\/\/www.argedenkatmadegere.com\/#breadcrumb"},"inLanguage":"tr","potentialAction":[{"@type":"ReadAction","target":["https:\/\/www.argedenkatmadegere.com\/"]}]},{"@type":"BreadcrumbList","@id":"https:\/\/www.argedenkatmadegere.com\/#breadcrumb","itemListElement":[{"@type":"ListItem","position":1,"name":"Home","item":"https:\/\/www.argedenkatmadegere.com\/"},{"@type":"ListItem","position":2,"name":"Ana Sayfa"}]},{"@type":"WebSite","@id":"https:\/\/www.argedenkatmadegere.com\/#website","url":"https:\/\/www.argedenkatmadegere.com\/","name":"Argeden Katma De\u011fere","description":"Patente Ve Teknolojiye Yat\u0131r\u0131m \u0130\u00e7in Do\u011fru Adres!","potentialAction":[{"@type":"SearchAction","target":{"@type":"EntryPoint","urlTemplate":"https:\/\/www.argedenkatmadegere.com\/?s={search_term_string}"},"query-input":{"@type":"PropertyValueSpecification","valueRequired":true,"valueName":"search_term_string"}}],"inLanguage":"tr"}]}},"_links":{"self":[{"href":"https:\/\/www.argedenkatmadegere.com\/index.php\/wp-json\/wp\/v2\/pages\/150","targetHints":{"allow":["GET"]}}],"collection":[{"href":"https:\/\/www.argedenkatmadegere.com\/index.php\/wp-json\/wp\/v2\/pages"}],"about":[{"href":"https:\/\/www.argedenkatmadegere.com\/index.php\/wp-json\/wp\/v2\/types\/page"}],"author":[{"embeddable":true,"href":"https:\/\/www.argedenkatmadegere.com\/index.php\/wp-json\/wp\/v2\/users\/1"}],"replies":[{"embeddable":true,"href":"https:\/\/www.argedenkatmadegere.com\/index.php\/wp-json\/wp\/v2\/comments?post=150"}],"version-history":[{"count":49,"href":"https:\/\/www.argedenkatmadegere.com\/index.php\/wp-json\/wp\/v2\/pages\/150\/revisions"}],"predecessor-version":[{"id":212,"href":"https:\/\/www.argedenkatmadegere.com\/index.php\/wp-json\/wp\/v2\/pages\/150\/revisions\/212"}],"wp:attachment":[{"href":"https:\/\/www.argedenkatmadegere.com\/index.php\/wp-json\/wp\/v2\/media?parent=150"}],"curies":[{"name":"wp","href":"https:\/\/api.w.org\/{rel}","templated":true}]}}